. What is x(330)?
570
Let n(j) = j**3 + 5*j**2 + 371*j - 773. Determine n(2).
-3
Let c(j) = -8*j**2 + 2779*j + 461075. Determine c(470).
5
Let v(o) = -75*o**2 - 272*o - 6. Give v(-4).
-118
Let r(o) = 30391*o + 182277. Determine r(-6).
-69
Let v(l) = -l**3 - 202*l**2 + 12298*l + 71. What is v(49)?
22
Let n(d) = d**3 + 98*d**2 - 2608*d + 3832. Calculate n(-120).
-8
Let y(o) = o**3 + 137*o**2 + 3914*o - 1936. Calculate y(-96).
176
Let b(i) = i**3 + 19*i**2 + 67*i + 754. What is b(-17)?
193
Let s(o) = -507*o + 1767. What is s(3)?
246
Let p(u) = 57*u**2 + 88151*u - 43328. Calculate p(-1547).
-12
Let u(a) = -31*a**2 + 3*a + 116. What is u(5)?
-644
Let q(f) = -2*f**3 + 206*f**2 - 214*f + 1000. Give q(102).
-20
Let o(j) = j**3 + 6*j**2 - 154*j + 174. Calculate o(9).
3
Let c(v) = 12*v**3 - 151*v**2 + 630*v + 781. What is c(-1)?
-12
Let j(t) = -t**3 - 209*t**2 - 3770*t + 31. Give j(-20).
-169
Let f(h) = -h**2 - 9825*h + 58956. Give f(6).
-30
Let v(k) = k**3 - k**2 + 528*k - 93. Calculate v(0).
-93
Let v(n) = -1793*n - 42374. Calculate v(-24).
658
Let f(j) = -2*j**3 - 103*j**2 - 890*j - 25. Determine f(-40).
-1225
Let h(z) = -75*z**2 - 399*z - 404. Determine h(-4).
-8
Let n(w) = -6*w**3 + 193*w**2 - 447*w + 1704. Calculate n(30).
-6
Let h(b) = -b**2 + 2707*b - 1091516. What is h(493)?
-14
Let h(o) = -270*o + 311. Calculate h(-8).
2471
Let i(j) = -836*j + 213181. Give i(255).
1
Let o(d) = 119250*d - 357754. Give o(3).
-4
Let y(n) = -27*n**2 + 5852*n + 1464. Determine y(217).
-55
Let r(k) = -13*k**3 - 499*k**2 + 277*k + 157. Calculate r(-39).
1522
Let d(a) = 3*a**2 + 238*a - 125495. Calculate d(-248).
-7
Let o(z) = 2078*z + 166243. What is o(-80)?
3
Let c(d) = -3*d**3 + 450*d**2 - 13*d - 671. Give c(150).
-2621
Let u(j) = j**2 + 65*j + 1623. Calculate u(-24).
639
Let o(x) = 34*x**2 + 571*x + 570. Calculate o(-1).
33
Let w(g) = -g**2 - 184712*g - 1662329. Calculate w(-9).
-2
Let q(o) = 8*o**3 + o**2 + 73*o - 128. What is q(2)?
86
Let u(n) = -4*n**3 + 406*n**2 + 224*n - 1085. Determine u(102).
955
Let a(p) = -63*p**2 - 877*p + 43. What is a(-14)?
-27
Let s(k) = k**3 - 31*k**2 + 115*k - 4484. What is s(32)?
220
Let j(k) = k**3 - 156*k**2 - 26*k + 4445. Give j(156).
389
Let x(l) = -4*l**2 + 5988*l - 71292. What is x(12)?
-12
Let g(m) = -m**2 - 1291*m - 69201. Calculate g(-56).
-41
Let c(b) = 4*b**3 + 145*b**2 - 12*b - 1543. Calculate c(-36).
185
Let y(j) = -9068*j + 2702269. What is y(298)?
5
Let m(x) = -1804*x - 1801. What is m(-1)?
3
Let d(r) = 678*r**2 - 3428*r + 199. Determine d(5).
9
Let c(v) = -923950*v + 45273554. Give c(49).
4
Let j(q) = -10646*q - 468442. What is j(-44)?
-18
Let y(p) = 2*p**3 + 163*p**2 + 235*p - 349. Give y(-80).
51
Let y(g) = 130*g + 12804. Give y(-98).
64
Let s(l) = 2*l**2 + 1196*l + 143923. Calculate s(-167).
-31
Let x(q) = -37305*q - 18465976. What is x(-495)?
-1
Let u(d) = -d**2 - 16446*d + 2121490. Calculate u(128).
18
Let o(l) = -669876*l + 9378273. What is o(14)?
9
Let p(l) = 20*l**2 - 78*l - 376. Calculate p(-5).
514
Let j(w) = 6*w**2 - 740*w - 70. What is j(124)?
426
Let n(u) = -74*u**2 + 1823*u + 1825. What is n(-1)?
-72
Let g(x) = -1090*x - 8517. Calculate g(-7).
-887
Let n(w) = -8*w**3 - 50*w**2 + 3*w + 91. Determine n(-6).
1
Let m(p) = 3*p**2 - 3566*p - 10720. What is m(-3)?
5
Let x(s) = 15096*s**2 - 45720*s - 2. What is x(3)?
-1298
Let h(t) = 330*t - 54671. Calculate h(165).
-221
Let q(o) = o**3 + 220*o**2 - 6671*o - 503. Give q(-247).
-9
Let k(b) = -3*b**2 + 3189*b + 356610. Calculate k(-102).
120
Let y(u) = -1729*u**3 + 10376*u**2 + 10*u - 125. What is y(6)?
7
Let b(s) = -62938*s - 62944. Calculate b(-1).
-6
Let w(d) = 1442*d + 8279. Calculate w(-6).
-373
Let t(u) = u**3 + 51*u**2 + 92*u - 467. Calculate t(-49).
-173
Let p(v) = -v**3 - 92*v**2 - 1484*v + 1208. Calculate p(-22).
-24
Let z(g) = 241*g - 5007. Determine z(19).
-428
Let q(u) = -15*u**2 + 315*u + 3470. Give q(-8).
-10
Let g(r) = -12*r**2 + 53*r - 179. Calculate g(4).
-159
Let a(z) = 46758*z + 4161447. Calculate a(-89).
-15
Let a(g) = g**2 + 32006*g - 480313. Determine a(15).
2
Let n(l) = -5185*l**2 - 25924*l + 116. What is n(-5)?
111
Let b(w) = 205*w**2 - 39141*w - 99. Give b(191).
2575
Let g(c) = -56*c - 1144. Determine g(-36).
872
Let b(w) = 112526*w - 900057. What is b(8)?
151
Let b(k) = 22*k**3 - 529*k**2 + 16*k + 168. What is b(24)?
-24
Let y(t) = 2331*t - 13566. What is y(6)?
420
Let s(x) = 512*x + 121779. Determine s(-238).
-77
Let j(h) = 313*h - 12633. Determine j(41).
200
Let c(o) = 11*o**2 + 60*o - 148. What is c(-7)?
-29
Let h(i) = 9256*i - 268936. Determine h(29).
-512
Let m(n) = -49*n**2 + 78*n + 14. Calculate m(2).
-26
Let s(j) = 7731*j + 10282236. Calculate s(-1330).
6
Let n(j) = j**3 + 97*j**2 - 357*j - 43501. Determine n(-96).
-13
Let r(m) = -52742*m + 263712. Determine r(5).
2
Let h(m) = 26*m**3 + 3*m**2 - 48*m - 43. Calculate h(-1).
-18
Let n(a) = -300*a**3 - 13*a**2 - 18*a - 7. Give n(-2).
2377
Let i(j) = 6*j**3 + j**2 + 9570*j + 28714. Give i(-3).
-149
Let a(w) = 6006*w - 558725. Give a(93).
-167
Let y(c) = c**2 - 1711*c + 306134. Determine y(203).
10
Let o(q) = 35*q**2 - 232*q - 1320. Calculate o(-6).
1332
Let t(j) = 30554*j - 30575. Determine t(1).
-21
Let p(n) = 216*n + 10803. Give p(-51).
-213
Let x(b) = -b**2 + 2*b + 36. What is x(5)?
21
Let y(x) = 10*x**3 + 459*x**2 - 49*x - 121. Determine y(-46).
17
Let v(j) = -j**2 - 1131*j + 38402. What is v(33)?
-10
Let j(h) = 6594*h - 98900. Give j(15).
10
Let s(v) = 125888*v + 1133002. Give s(-9).
10
Let r(s) = -5869*s + 70669. Calculate r(12).
241
Let k(g) = 73*g**2 + 62*g + 91. Give k(-1).
102
Let j(y) = -1911*y + 35264. Determine j(18).
866
Let v(d) = -13941*d - 1854127. What is v(-133)?
26
Let f(d) = -18*d**2 + 2412*d + 1353. What is f(135)?
-1077
Let l(k) = -3*k**2 - 167*k + 2042. Determine l(-68).
-474
Let f(n) = -2*n**2 + 2593*n - 33552. Give f(13).
-181
Let n(o) = 4295*o - 76381. What is n(18)?
929
Let o(z) = -27*z**2 + 7348*z - 322. Determine o(272).
766
Let q(f) = f**3 - 228*f**2 + 254*f - 6145. What is q(227)?
-16
Let g(c) = -c**2 + 798*c + 17461. Give g(-21).
262
Let i(h) = h**3 + 37*h**2 - 155*h - 1086. Determine i(-38).
3360
Let q(y) = -10262*y - 51293. Give q(-5).
17
Let w(z) = -3*z**3 - 227*z**2 + 115*z + 2860. Determine w(-76).
-104
Let r(u) = -178*u**2 - 1045*u + 11. What is r(-6)?
-127
Let g(l) = 5*l**2 - 170*l + 673. Determine g(31).
208
Let g(d) = 2209*d - 19852. Give g(9).
29
Let j(x) = x**3 - x**2 - 116*x + 156. What is j(11)?
90
Let u(f) = -2435*f - 63306. Give u(-24).
-4866
Let t(y) = 5*y**3 - y**2 + 17*y - 112. Give t(5).
573
Let u(x) = -16*x**3 - 195*x**2 - 325*x + 279. Calculate u(-10).
29
Let u(y) = -26219*y - 158591. What is u(-6)?
-1277
Let d(q) = -11049*q - 26594936. Calculate d(-2407).
7
Let w(x) = -3848*x + 3478620. What is w(904)?
28
Let s(x) = -x**3 - 198*x**2 + 511*x - 18412. Calculate s(-201).
80
Let q(v) = v**2 + 13444*v + 161174. Calculate q(-12).
-10
Let g(c) = -22*c**3 + 2835*c**2 + 370*c + 2186. Give g(129).
-7
Let g(n) = -85*n**2 + 6475*n - 25877. Give g(4).
-1337
Let p(k) = 42*k - 2936. Calculate p(75).
214
Let g(c) = c**3 - 56*c**2 + 126*c + 1685. Give g(53).
-64
Let m(g) = 4*g**2 + 836*g + 4741. Determine m(-203).
-131
Let q(i) = -2045*i - 8460. Calculate q(-4).
-280
Let t(j) = 2*j**3 + 71*j**2 - 421*j - 5751. Calculate t(-7).
-11
Let q(f) = f**3 + 32*f**2 + 57*f - 800. Determine q(-29).
70
Let d(h) = 3*h**2 + 724*h + 12802. Calculate d(-19).
129
Let d(w) = -111*w**2 - 2049*w + 19789. Calculate d(7).
7
Let b(p) = -22*p**2 - 159919*p + 159918. What is b(1)?
-23
Let w(o) = -3189*o + 25476. Determine w(8).
-36
Let t(f) = 50*f**3 - 37*f**2 - 63*f + 181. Give t(3).
1009
Let i(c) = 299*c - 2937. Calculate i(11).
352
Let i(t) = -904*t - 217645. Determine i(-240).
-685
Let k(y) = 4*y**2 + 439*y + 397. What is k(-111)?
952
Let k(g) = -g**3 + 13*g**2 + 342*g - 2607. What is k(7)?
81
Let k(x) = -2*x**3 - 70*x**2 + 588*x + 3. Give k(-42).
3
Let t(q) = -140*q**2 - 594*q - 143. What is t(-4)?
-7
Let t(f) = 12710*f + 3368144. What is t(-265)?
-6
Let a(f) = -3*f**3 - 17*f**2 + 897*f + 3681. Calculate a(-4).
13
Let a(d) = -3449*d + 11256. Calculate a(4).
-2540
Let g(v) = 818*v + 3262. Calculate g(-4).
-10
Let u(r) = -4*r**2 + 25205*r + 126052. Determine u(